{"id":961,"date":"2019-05-07T11:39:44","date_gmt":"2019-05-07T09:39:44","guid":{"rendered":"http:\/\/www.artandtracks.com\/?page_id=961"},"modified":"2019-05-07T11:39:44","modified_gmt":"2019-05-07T09:39:44","slug":"larry-gundora-wirrimanu-2","status":"publish","type":"page","link":"https:\/\/www.artandtracks.com\/index.php\/larry-gundora-wirrimanu-2\/","title":{"rendered":"Larry Gundora &#8211; &#8220;Wirrimanu&#8221;"},"content":{"rendered":"<h2><a href=\"http:\/\/www.artandtracks.com\/wp-content\/uploads\/2019\/05\/Larry-Gundora-Wirrimanu-2.jpg\"><img decoding=\"async\" loading=\"lazy\" class=\"alignnone wp-image-962 size-medium\" src=\"http:\/\/www.artandtracks.com\/wp-content\/uploads\/2019\/05\/Larry-Gundora-Wirrimanu-2-170x300.jpg\" alt=\"\" width=\"170\" height=\"300\" srcset=\"https:\/\/www.artandtracks.com\/wp-content\/uploads\/2019\/05\/Larry-Gundora-Wirrimanu-2-170x300.jpg 170w, https:\/\/www.artandtracks.com\/wp-content\/uploads\/2019\/05\/Larry-Gundora-Wirrimanu-2-768x1359.jpg 768w, https:\/\/www.artandtracks.com\/wp-content\/uploads\/2019\/05\/Larry-Gundora-Wirrimanu-2-579x1024.jpg 579w, https:\/\/www.artandtracks.com\/wp-content\/uploads\/2019\/05\/Larry-Gundora-Wirrimanu-2-600x1062.jpg 600w, https:\/\/www.artandtracks.com\/wp-content\/uploads\/2019\/05\/Larry-Gundora-Wirrimanu-2-800x1416.jpg 800w\" sizes=\"(max-width: 170px) 100vw, 170px\" \/><\/a><\/h2>\n<h2><strong>Titre d<\/strong><strong>e l\u2019\u0153uvre :<\/strong><\/h2>\n<p>Wirrimanu<\/p>\n<h2><strong>Artiste :<\/strong><\/h2>\n<p>Larry Gundora (n\u00e9 en 1950)<\/p>\n<h2><strong>Technique :<\/strong><\/h2>\n<p>Acrylique sur toile<\/p>\n<h2><strong>Dimension(s) :<\/strong><\/h2>\n<p>180 x 100 cm<\/p>\n<h2><strong>Ann\u00e9e et lieu de cr\u00e9ation :<\/strong><\/h2>\n<p>2017 \/ communaut\u00e9 de Balgo Hills, Warlayirti Artists<\/p>\n","protected":false},"excerpt":{"rendered":"<p>Titre de l\u2019\u0153uvre : Wirrimanu Artiste : Larry Gundora (n\u00e9 en 1950) Technique : Acrylique sur toile Dimension(s) : 180 x 100 cm Ann\u00e9e et lieu de cr\u00e9ation : 2017 \/ communaut\u00e9 de Balgo Hills, Warlayirti Artists<\/p>\n","protected":false},"author":1,"featured_media":0,"parent":0,"menu_order":0,"comment_status":"closed","ping_status":"closed","template":"","meta":[],"_links":{"self":[{"href":"https:\/\/www.artandtracks.com\/index.php\/wp-json\/wp\/v2\/pages\/961"}],"collection":[{"href":"https:\/\/www.artandtracks.com\/index.php\/wp-json\/wp\/v2\/pages"}],"about":[{"href":"https:\/\/www.artandtracks.com\/index.php\/wp-json\/wp\/v2\/types\/page"}],"author":[{"embeddable":true,"href":"https:\/\/www.artandtracks.com\/index.php\/wp-json\/wp\/v2\/users\/1"}],"replies":[{"embeddable":true,"href":"https:\/\/www.artandtracks.com\/index.php\/wp-json\/wp\/v2\/comments?post=961"}],"version-history":[{"count":1,"href":"https:\/\/www.artandtracks.com\/index.php\/wp-json\/wp\/v2\/pages\/961\/revisions"}],"predecessor-version":[{"id":963,"href":"https:\/\/www.artandtracks.com\/index.php\/wp-json\/wp\/v2\/pages\/961\/revisions\/963"}],"wp:attachment":[{"href":"https:\/\/www.artandtracks.com\/index.php\/wp-json\/wp\/v2\/media?parent=961"}],"curies":[{"name":"wp","href":"https:\/\/api.w.org\/{rel}","templated":true}]}}