{"id":792,"date":"2018-09-30T16:12:15","date_gmt":"2018-09-30T14:12:15","guid":{"rendered":"http:\/\/www.artandtracks.com\/?page_id=792"},"modified":"2018-09-30T16:12:15","modified_gmt":"2018-09-30T14:12:15","slug":"beyula-puntungka-napanangka-kalinkalinypa-tjukurrpa","status":"publish","type":"page","link":"https:\/\/www.artandtracks.com\/index.php\/beyula-puntungka-napanangka-kalinkalinypa-tjukurrpa\/","title":{"rendered":"Beyula Puntungka Napanangka &#8211; &#8220;Kalinkalinypa Tjukurrpa&#8221;"},"content":{"rendered":"<h2><\/h2>\n<p><a href=\"http:\/\/www.artandtracks.com\/wp-content\/uploads\/2018\/09\/Beyula.jpg\"><img decoding=\"async\" loading=\"lazy\" class=\"alignnone wp-image-794 size-medium\" src=\"http:\/\/www.artandtracks.com\/wp-content\/uploads\/2018\/09\/Beyula-228x300.jpg\" alt=\"\" width=\"228\" height=\"300\" srcset=\"https:\/\/www.artandtracks.com\/wp-content\/uploads\/2018\/09\/Beyula-228x300.jpg 228w, https:\/\/www.artandtracks.com\/wp-content\/uploads\/2018\/09\/Beyula-768x1010.jpg 768w, https:\/\/www.artandtracks.com\/wp-content\/uploads\/2018\/09\/Beyula-779x1024.jpg 779w, https:\/\/www.artandtracks.com\/wp-content\/uploads\/2018\/09\/Beyula-600x789.jpg 600w, https:\/\/www.artandtracks.com\/wp-content\/uploads\/2018\/09\/Beyula-800x1052.jpg 800w\" sizes=\"(max-width: 228px) 100vw, 228px\" \/><\/a><\/p>\n<h2><strong>Titre d<\/strong><strong>e l\u2019\u0153uvre :<\/strong><\/h2>\n<p>Kalinkalinypa Tjukurrpa<\/p>\n<h2><strong>Artiste :<\/strong><\/h2>\n<p>Beyula Puntungka Napanangka (n\u00e9e en 1966)<\/p>\n<h2><strong>Technique :<\/strong><\/h2>\n<p>Taille douce sur zinc (aquatinte au spray) sur papier blanc<\/p>\n<p>Sign\u00e9e au crayon au centre sous le coup de planche, dat\u00e9e en partie inf\u00e9rieure droite et num\u00e9rot\u00e9e 5\/25 au crayon en partie inf\u00e9rieure gauche.<\/p>\n<h2><strong>Dimension(s) :<\/strong><\/h2>\n<p>70 x 55 cm <em>papier<\/em> ; 50 x 37,5 cm <em>image<\/em> <em>(coup de planche)<\/em><\/p>\n<h2><strong>Ann\u00e9e et lieu de cr\u00e9ation :<\/strong><\/h2>\n<p>2011 \/ communaut\u00e9 de Papunya, Papunya Tjupi Art Center<\/p>\n","protected":false},"excerpt":{"rendered":"<p>Titre de l\u2019\u0153uvre : Kalinkalinypa Tjukurrpa Artiste : Beyula Puntungka Napanangka (n\u00e9e en 1966) Technique : Taille douce sur zinc (aquatinte au spray) sur papier blanc Sign\u00e9e au crayon au centre sous le coup de planche, dat\u00e9e en partie inf\u00e9rieure droite et num\u00e9rot\u00e9e 5\/25 au crayon en partie inf\u00e9rieure gauche. Dimension(s) : 70 x 55 cm papier ; 50 x&hellip;<\/p>\n","protected":false},"author":1,"featured_media":0,"parent":0,"menu_order":0,"comment_status":"closed","ping_status":"closed","template":"","meta":[],"_links":{"self":[{"href":"https:\/\/www.artandtracks.com\/index.php\/wp-json\/wp\/v2\/pages\/792"}],"collection":[{"href":"https:\/\/www.artandtracks.com\/index.php\/wp-json\/wp\/v2\/pages"}],"about":[{"href":"https:\/\/www.artandtracks.com\/index.php\/wp-json\/wp\/v2\/types\/page"}],"author":[{"embeddable":true,"href":"https:\/\/www.artandtracks.com\/index.php\/wp-json\/wp\/v2\/users\/1"}],"replies":[{"embeddable":true,"href":"https:\/\/www.artandtracks.com\/index.php\/wp-json\/wp\/v2\/comments?post=792"}],"version-history":[{"count":1,"href":"https:\/\/www.artandtracks.com\/index.php\/wp-json\/wp\/v2\/pages\/792\/revisions"}],"predecessor-version":[{"id":795,"href":"https:\/\/www.artandtracks.com\/index.php\/wp-json\/wp\/v2\/pages\/792\/revisions\/795"}],"wp:attachment":[{"href":"https:\/\/www.artandtracks.com\/index.php\/wp-json\/wp\/v2\/media?parent=792"}],"curies":[{"name":"wp","href":"https:\/\/api.w.org\/{rel}","templated":true}]}}