{"id":777,"date":"2018-09-30T15:38:47","date_gmt":"2018-09-30T13:38:47","guid":{"rendered":"http:\/\/www.artandtracks.com\/?page_id=777"},"modified":"2018-09-30T15:38:47","modified_gmt":"2018-09-30T13:38:47","slug":"helicopter-tjungurrayi-wangkartu-tali","status":"publish","type":"page","link":"https:\/\/www.artandtracks.com\/index.php\/helicopter-tjungurrayi-wangkartu-tali\/","title":{"rendered":"Helicopter Tjungurrayi &#8211; &#8220;Wangkartu-Tali&#8221;"},"content":{"rendered":"<h2><a href=\"http:\/\/www.artandtracks.com\/wp-content\/uploads\/2018\/09\/Helicopter-2-1.jpg\"><img decoding=\"async\" loading=\"lazy\" class=\"alignnone wp-image-778 size-medium\" src=\"http:\/\/www.artandtracks.com\/wp-content\/uploads\/2018\/09\/Helicopter-2-1-236x300.jpg\" alt=\"\" width=\"236\" height=\"300\" srcset=\"https:\/\/www.artandtracks.com\/wp-content\/uploads\/2018\/09\/Helicopter-2-1-236x300.jpg 236w, https:\/\/www.artandtracks.com\/wp-content\/uploads\/2018\/09\/Helicopter-2-1-768x975.jpg 768w, https:\/\/www.artandtracks.com\/wp-content\/uploads\/2018\/09\/Helicopter-2-1-806x1024.jpg 806w, https:\/\/www.artandtracks.com\/wp-content\/uploads\/2018\/09\/Helicopter-2-1-600x762.jpg 600w, https:\/\/www.artandtracks.com\/wp-content\/uploads\/2018\/09\/Helicopter-2-1-800x1016.jpg 800w\" sizes=\"(max-width: 236px) 100vw, 236px\" \/><\/a><\/h2>\n<h2><strong>Titre d<\/strong><strong>e l\u2019\u0153uvre :<\/strong><\/h2>\n<p>Wangkartu-Tali<\/p>\n<h2><strong>Artiste :<\/strong><\/h2>\n<p>Joey &#8220;Helicopter&#8221; Tjungurrayi (n\u00e9 en 1947)<\/p>\n<h2><strong>Technique :<\/strong><\/h2>\n<p>Gravure sur bois en couleur en deux matrices sur papier japon au timbre sec de Nothern Editions<\/p>\n<p>Sign\u00e9e au crayon en partie inf\u00e9rieure droite et num\u00e9rot\u00e9e 2\/20 au crayon en partie inf\u00e9rieure gauche<\/p>\n<h2><strong>Dimension(s) :<\/strong><\/h2>\n<p>67 x 55 cm <em>papier<\/em> ; 50 x 40 cm <em>image<\/em> <em>(trait carr\u00e9)<\/em><\/p>\n<h2><strong>Ann\u00e9e et lieu de cr\u00e9ation :<\/strong><\/h2>\n<p>2013 \/ communaut\u00e9 de Balgo Hills, Warlayirti Artists<\/p>\n","protected":false},"excerpt":{"rendered":"<p>Titre de l\u2019\u0153uvre : Wangkartu-Tali Artiste : Joey &#8220;Helicopter&#8221; Tjungurrayi (n\u00e9 en 1947) Technique : Gravure sur bois en couleur en deux matrices sur papier japon au timbre sec de Nothern Editions Sign\u00e9e au crayon en partie inf\u00e9rieure droite et num\u00e9rot\u00e9e 2\/20 au crayon en partie inf\u00e9rieure gauche Dimension(s) : 67 x 55 cm papier ; 50 x 40 cm&hellip;<\/p>\n","protected":false},"author":1,"featured_media":0,"parent":0,"menu_order":0,"comment_status":"closed","ping_status":"closed","template":"","meta":[],"_links":{"self":[{"href":"https:\/\/www.artandtracks.com\/index.php\/wp-json\/wp\/v2\/pages\/777"}],"collection":[{"href":"https:\/\/www.artandtracks.com\/index.php\/wp-json\/wp\/v2\/pages"}],"about":[{"href":"https:\/\/www.artandtracks.com\/index.php\/wp-json\/wp\/v2\/types\/page"}],"author":[{"embeddable":true,"href":"https:\/\/www.artandtracks.com\/index.php\/wp-json\/wp\/v2\/users\/1"}],"replies":[{"embeddable":true,"href":"https:\/\/www.artandtracks.com\/index.php\/wp-json\/wp\/v2\/comments?post=777"}],"version-history":[{"count":1,"href":"https:\/\/www.artandtracks.com\/index.php\/wp-json\/wp\/v2\/pages\/777\/revisions"}],"predecessor-version":[{"id":779,"href":"https:\/\/www.artandtracks.com\/index.php\/wp-json\/wp\/v2\/pages\/777\/revisions\/779"}],"wp:attachment":[{"href":"https:\/\/www.artandtracks.com\/index.php\/wp-json\/wp\/v2\/media?parent=777"}],"curies":[{"name":"wp","href":"https:\/\/api.w.org\/{rel}","templated":true}]}}