{"id":751,"date":"2018-09-29T20:58:17","date_gmt":"2018-09-29T18:58:17","guid":{"rendered":"http:\/\/www.artandtracks.com\/?page_id=751"},"modified":"2018-09-29T20:58:17","modified_gmt":"2018-09-29T18:58:17","slug":"dorothy-napangardi-spinifex-white","status":"publish","type":"page","link":"https:\/\/www.artandtracks.com\/index.php\/dorothy-napangardi-spinifex-white\/","title":{"rendered":"Dorothy Napangardi &#8211; &#8220;Spinifex (white)&#8221;"},"content":{"rendered":"<h2><a href=\"http:\/\/www.artandtracks.com\/wp-content\/uploads\/2018\/09\/Dorothy-1.jpg\"><img decoding=\"async\" loading=\"lazy\" class=\"alignnone wp-image-755 size-medium\" src=\"http:\/\/www.artandtracks.com\/wp-content\/uploads\/2018\/09\/Dorothy-1-300x264.jpg\" alt=\"\" width=\"300\" height=\"264\" srcset=\"https:\/\/www.artandtracks.com\/wp-content\/uploads\/2018\/09\/Dorothy-1-300x264.jpg 300w, https:\/\/www.artandtracks.com\/wp-content\/uploads\/2018\/09\/Dorothy-1-768x677.jpg 768w, https:\/\/www.artandtracks.com\/wp-content\/uploads\/2018\/09\/Dorothy-1-1024x902.jpg 1024w, https:\/\/www.artandtracks.com\/wp-content\/uploads\/2018\/09\/Dorothy-1-600x529.jpg 600w, https:\/\/www.artandtracks.com\/wp-content\/uploads\/2018\/09\/Dorothy-1-800x705.jpg 800w\" sizes=\"(max-width: 300px) 100vw, 300px\" \/><\/a><\/h2>\n<h2><strong>Titre d<\/strong><strong>e l\u2019\u0153uvre :<\/strong><\/h2>\n<p>Spinifex (white)<\/p>\n<h2><strong>Artiste :<\/strong><\/h2>\n<p>Dorothy Napangardi (c.1950-2013)<\/p>\n<h2><strong>Technique :<\/strong><\/h2>\n<p>Taille douce sur zinc (aquatinte au sucre) sur chine appliqu\u00e9 sur papier fort blanc au timbre sec de Nothern Editions<\/p>\n<p>Sign\u00e9e et dat\u00e9e au crayon en partie inf\u00e9rieure droite et num\u00e9rot\u00e9e 68\/99 au crayon en partie inf\u00e9rieure gauche<\/p>\n<h2><strong>Dimension(s) :<\/strong><\/h2>\n<p>35,5 x 39,5 cm <em>papier<\/em> ; 16,6 x 24,7 cm <em>image (coup de planche)<br \/>\n<\/em><\/p>\n<h2><strong>Ann\u00e9e et lieu de cr\u00e9ation :<\/strong><\/h2>\n<p>2002 \/ communaut\u00e9 de Yuendumu<\/p>\n<p>&nbsp;<\/p>\n<h2><strong>A propos :<\/strong><\/h2>\n<p>La date retenue ici est celle correspond au catalogage de l\u2019\u0153uvre. La matrice a \u00e9t\u00e9 grav\u00e9e trois ans auparavant.<\/p>\n","protected":false},"excerpt":{"rendered":"<p>Titre de l\u2019\u0153uvre : Spinifex (white) Artiste : Dorothy Napangardi (c.1950-2013) Technique : Taille douce sur zinc (aquatinte au sucre) sur chine appliqu\u00e9 sur papier fort blanc au timbre sec de Nothern Editions Sign\u00e9e et dat\u00e9e au crayon en partie inf\u00e9rieure droite et num\u00e9rot\u00e9e 68\/99 au crayon en partie inf\u00e9rieure gauche Dimension(s) : 35,5 x 39,5 cm papier ; 16,6&hellip;<\/p>\n","protected":false},"author":1,"featured_media":0,"parent":0,"menu_order":0,"comment_status":"closed","ping_status":"closed","template":"","meta":[],"_links":{"self":[{"href":"https:\/\/www.artandtracks.com\/index.php\/wp-json\/wp\/v2\/pages\/751"}],"collection":[{"href":"https:\/\/www.artandtracks.com\/index.php\/wp-json\/wp\/v2\/pages"}],"about":[{"href":"https:\/\/www.artandtracks.com\/index.php\/wp-json\/wp\/v2\/types\/page"}],"author":[{"embeddable":true,"href":"https:\/\/www.artandtracks.com\/index.php\/wp-json\/wp\/v2\/users\/1"}],"replies":[{"embeddable":true,"href":"https:\/\/www.artandtracks.com\/index.php\/wp-json\/wp\/v2\/comments?post=751"}],"version-history":[{"count":1,"href":"https:\/\/www.artandtracks.com\/index.php\/wp-json\/wp\/v2\/pages\/751\/revisions"}],"predecessor-version":[{"id":756,"href":"https:\/\/www.artandtracks.com\/index.php\/wp-json\/wp\/v2\/pages\/751\/revisions\/756"}],"wp:attachment":[{"href":"https:\/\/www.artandtracks.com\/index.php\/wp-json\/wp\/v2\/media?parent=751"}],"curies":[{"name":"wp","href":"https:\/\/api.w.org\/{rel}","templated":true}]}}