{"id":697,"date":"2018-09-27T14:54:43","date_gmt":"2018-09-27T12:54:43","guid":{"rendered":"http:\/\/www.artandtracks.com\/?page_id=697"},"modified":"2018-09-28T00:38:17","modified_gmt":"2018-09-27T22:38:17","slug":"johnny-yungut-tjupurrurla-sans-titre","status":"publish","type":"page","link":"https:\/\/www.artandtracks.com\/index.php\/johnny-yungut-tjupurrurla-sans-titre\/","title":{"rendered":"Johnny Yungut Tjupurrurla &#8211; [Sans titre]"},"content":{"rendered":"<h2><\/h2>\n<p><a href=\"http:\/\/www.artandtracks.com\/wp-content\/uploads\/2018\/09\/Johnny-Yungut-3.jpg\"><img decoding=\"async\" loading=\"lazy\" class=\"alignnone wp-image-698 size-medium\" src=\"http:\/\/www.artandtracks.com\/wp-content\/uploads\/2018\/09\/Johnny-Yungut-3-226x300.jpg\" alt=\"\" width=\"226\" height=\"300\" srcset=\"https:\/\/www.artandtracks.com\/wp-content\/uploads\/2018\/09\/Johnny-Yungut-3-226x300.jpg 226w, https:\/\/www.artandtracks.com\/wp-content\/uploads\/2018\/09\/Johnny-Yungut-3-768x1019.jpg 768w, https:\/\/www.artandtracks.com\/wp-content\/uploads\/2018\/09\/Johnny-Yungut-3-772x1024.jpg 772w, https:\/\/www.artandtracks.com\/wp-content\/uploads\/2018\/09\/Johnny-Yungut-3-600x796.jpg 600w, https:\/\/www.artandtracks.com\/wp-content\/uploads\/2018\/09\/Johnny-Yungut-3-800x1061.jpg 800w\" sizes=\"(max-width: 226px) 100vw, 226px\" \/><\/a><\/p>\n<h2><strong>Titre d<\/strong><strong>e l\u2019\u0153uvre :<\/strong><\/h2>\n<p>Johnny Yungut Tjupurrurla<\/p>\n<h2><strong>Artiste :<\/strong><\/h2>\n<p>[Sans titre] (c.1930-2016)<\/p>\n<h2><strong>Technique :<\/strong><\/h2>\n<p>Taille douce sur zinc (aquatinte au sucre) sur papier blanc<\/p>\n<p>Sign\u00e9e au crayon en partie inf\u00e9rieure droite et num\u00e9rot\u00e9e 6\/40 au crayon en partie inf\u00e9rieure gauche<\/p>\n<h2><strong>Dimension(s) :<\/strong><\/h2>\n<p>55 x 45 cm <em>papier<\/em> ; 33 x 24,3 cm <em>image<\/em> <em>(coup de planche)<\/em><\/p>\n<h2><strong>Ann\u00e9e et lieu de cr\u00e9ation :<\/strong><\/h2>\n<p>2009 \/ communaut\u00e9 de Kintore, Papunya Tula Pty. Ltd.<\/p>\n","protected":false},"excerpt":{"rendered":"<p>Titre de l\u2019\u0153uvre : Johnny Yungut Tjupurrurla Artiste : [Sans titre] (c.1930-2016) Technique : Taille douce sur zinc (aquatinte au sucre) sur papier blanc Sign\u00e9e au crayon en partie inf\u00e9rieure droite et num\u00e9rot\u00e9e 6\/40 au crayon en partie inf\u00e9rieure gauche Dimension(s) : 55 x 45 cm papier ; 33 x 24,3 cm image (coup de planche) Ann\u00e9e et lieu de&hellip;<\/p>\n","protected":false},"author":1,"featured_media":0,"parent":0,"menu_order":0,"comment_status":"closed","ping_status":"closed","template":"","meta":[],"_links":{"self":[{"href":"https:\/\/www.artandtracks.com\/index.php\/wp-json\/wp\/v2\/pages\/697"}],"collection":[{"href":"https:\/\/www.artandtracks.com\/index.php\/wp-json\/wp\/v2\/pages"}],"about":[{"href":"https:\/\/www.artandtracks.com\/index.php\/wp-json\/wp\/v2\/types\/page"}],"author":[{"embeddable":true,"href":"https:\/\/www.artandtracks.com\/index.php\/wp-json\/wp\/v2\/users\/1"}],"replies":[{"embeddable":true,"href":"https:\/\/www.artandtracks.com\/index.php\/wp-json\/wp\/v2\/comments?post=697"}],"version-history":[{"count":2,"href":"https:\/\/www.artandtracks.com\/index.php\/wp-json\/wp\/v2\/pages\/697\/revisions"}],"predecessor-version":[{"id":741,"href":"https:\/\/www.artandtracks.com\/index.php\/wp-json\/wp\/v2\/pages\/697\/revisions\/741"}],"wp:attachment":[{"href":"https:\/\/www.artandtracks.com\/index.php\/wp-json\/wp\/v2\/media?parent=697"}],"curies":[{"name":"wp","href":"https:\/\/api.w.org\/{rel}","templated":true}]}}