{"id":681,"date":"2018-09-27T13:50:10","date_gmt":"2018-09-27T11:50:10","guid":{"rendered":"http:\/\/www.artandtracks.com\/?page_id=681"},"modified":"2018-09-27T13:50:10","modified_gmt":"2018-09-27T11:50:10","slug":"lena-nyadbi-starry-night-in-jimbirla-and-dayiwool-country","status":"publish","type":"page","link":"https:\/\/www.artandtracks.com\/index.php\/lena-nyadbi-starry-night-in-jimbirla-and-dayiwool-country\/","title":{"rendered":"Lena Nyadbi &#8211; &#8220;Starry Night in Jimbirla and Dayiwool Country&#8221;"},"content":{"rendered":"<h2><a href=\"http:\/\/www.artandtracks.com\/wp-content\/uploads\/2018\/09\/Lena-Nyadbi-4.jpg\"><img decoding=\"async\" loading=\"lazy\" class=\"alignnone wp-image-679 size-medium\" src=\"http:\/\/www.artandtracks.com\/wp-content\/uploads\/2018\/09\/Lena-Nyadbi-4-300x253.jpg\" alt=\"\" width=\"300\" height=\"253\" srcset=\"https:\/\/www.artandtracks.com\/wp-content\/uploads\/2018\/09\/Lena-Nyadbi-4-300x253.jpg 300w, https:\/\/www.artandtracks.com\/wp-content\/uploads\/2018\/09\/Lena-Nyadbi-4-768x648.jpg 768w, https:\/\/www.artandtracks.com\/wp-content\/uploads\/2018\/09\/Lena-Nyadbi-4-1024x864.jpg 1024w, https:\/\/www.artandtracks.com\/wp-content\/uploads\/2018\/09\/Lena-Nyadbi-4-600x506.jpg 600w, https:\/\/www.artandtracks.com\/wp-content\/uploads\/2018\/09\/Lena-Nyadbi-4-800x675.jpg 800w\" sizes=\"(max-width: 300px) 100vw, 300px\" \/><\/a><\/h2>\n<h2><strong>Titre d<\/strong><strong>e l\u2019\u0153uvre :<\/strong><\/h2>\n<p>Starry Night in Jimbirla and Dayiwool Country<\/p>\n<h2><strong>Artiste :<\/strong><\/h2>\n<p>Lena Nyadbi (n\u00e9e en 1935)<\/p>\n<h2><strong>Technique :<\/strong><\/h2>\n<p>Taille douce sur zinc (aquatinte au sucre) et reprises en s\u00e9rigraphie sur papier blanc au timbre sec de Basil Hall Editions<\/p>\n<p>Sign\u00e9e au crayon en partie inf\u00e9rieure droite et num\u00e9rot\u00e9e 22\/40 au crayon en partie inf\u00e9rieure gauche<\/p>\n<h2><strong>Dimension(s) :<\/strong><\/h2>\n<p>71 x 78,5 cm <em>papier<\/em> ; 49 x 59 cm <em>image<\/em> <em>(coup de planche)<\/em><\/p>\n<h2><strong>Ann\u00e9e et lieu de cr\u00e9ation :<\/strong><\/h2>\n<p>2015 \/ communaut\u00e9 de Turkey Creek, Warmun Art Center<\/p>\n","protected":false},"excerpt":{"rendered":"<p>Titre de l\u2019\u0153uvre : Starry Night in Jimbirla and Dayiwool Country Artiste : Lena Nyadbi (n\u00e9e en 1935) Technique : Taille douce sur zinc (aquatinte au sucre) et reprises en s\u00e9rigraphie sur papier blanc au timbre sec de Basil Hall Editions Sign\u00e9e au crayon en partie inf\u00e9rieure droite et num\u00e9rot\u00e9e 22\/40 au crayon en partie inf\u00e9rieure gauche Dimension(s) : 71&hellip;<\/p>\n","protected":false},"author":1,"featured_media":0,"parent":0,"menu_order":0,"comment_status":"closed","ping_status":"closed","template":"","meta":[],"_links":{"self":[{"href":"https:\/\/www.artandtracks.com\/index.php\/wp-json\/wp\/v2\/pages\/681"}],"collection":[{"href":"https:\/\/www.artandtracks.com\/index.php\/wp-json\/wp\/v2\/pages"}],"about":[{"href":"https:\/\/www.artandtracks.com\/index.php\/wp-json\/wp\/v2\/types\/page"}],"author":[{"embeddable":true,"href":"https:\/\/www.artandtracks.com\/index.php\/wp-json\/wp\/v2\/users\/1"}],"replies":[{"embeddable":true,"href":"https:\/\/www.artandtracks.com\/index.php\/wp-json\/wp\/v2\/comments?post=681"}],"version-history":[{"count":1,"href":"https:\/\/www.artandtracks.com\/index.php\/wp-json\/wp\/v2\/pages\/681\/revisions"}],"predecessor-version":[{"id":682,"href":"https:\/\/www.artandtracks.com\/index.php\/wp-json\/wp\/v2\/pages\/681\/revisions\/682"}],"wp:attachment":[{"href":"https:\/\/www.artandtracks.com\/index.php\/wp-json\/wp\/v2\/media?parent=681"}],"curies":[{"name":"wp","href":"https:\/\/api.w.org\/{rel}","templated":true}]}}