{"id":308,"date":"2017-06-17T11:43:14","date_gmt":"2017-06-17T09:43:14","guid":{"rendered":"http:\/\/www.artandtracks.com\/?page_id=308"},"modified":"2018-09-27T15:43:46","modified_gmt":"2018-09-27T13:43:46","slug":"helicopter-tjungurrayi-wangkartu","status":"publish","type":"page","link":"https:\/\/www.artandtracks.com\/index.php\/helicopter-tjungurrayi-wangkartu\/","title":{"rendered":"Helicopter Tjungurrayi &#8211; &#8220;Wangkartu&#8221;"},"content":{"rendered":"<h2><a href=\"http:\/\/www.artandtracks.com\/wp-content\/uploads\/2017\/06\/helicopter.jpg\"><img decoding=\"async\" loading=\"lazy\" class=\"alignnone wp-image-711 size-medium\" src=\"http:\/\/www.artandtracks.com\/wp-content\/uploads\/2017\/06\/helicopter-206x300.jpg\" alt=\"\" width=\"206\" height=\"300\" srcset=\"https:\/\/www.artandtracks.com\/wp-content\/uploads\/2017\/06\/helicopter-206x300.jpg 206w, https:\/\/www.artandtracks.com\/wp-content\/uploads\/2017\/06\/helicopter-768x1118.jpg 768w, https:\/\/www.artandtracks.com\/wp-content\/uploads\/2017\/06\/helicopter-703x1024.jpg 703w, https:\/\/www.artandtracks.com\/wp-content\/uploads\/2017\/06\/helicopter-600x873.jpg 600w, https:\/\/www.artandtracks.com\/wp-content\/uploads\/2017\/06\/helicopter-800x1165.jpg 800w, https:\/\/www.artandtracks.com\/wp-content\/uploads\/2017\/06\/helicopter.jpg 1797w\" sizes=\"(max-width: 206px) 100vw, 206px\" \/><\/a><\/h2>\n<h2><strong>Titre d<\/strong><strong>e l\u2019\u0153uvre :<\/strong><\/h2>\n<p>Wangkartu<\/p>\n<h2><strong>Artiste :<\/strong><\/h2>\n<p>Helicopter Tjungurrayi (n\u00e9 en 1947)<\/p>\n<h2><strong>Technique :<\/strong><\/h2>\n<p>Taille douce sur zinc (aquatinte au sucre) en deux matrices sur papier blanc au timbre sec de Nothern Editions<\/p>\n<p>Sign\u00e9e et dat\u00e9e au crayon en partie inf\u00e9rieure droite et num\u00e9rot\u00e9e 32\/50 au crayon en partie inf\u00e9rieure gauche<\/p>\n<h2><strong>Dimension(s) :<\/strong><\/h2>\n<p>81 x 61 cm <em>papier<\/em> ; 59 x 39,3 cm <em>image<\/em> <em>(coup de planche)<\/em><\/p>\n<h2><strong>Ann\u00e9e et lieu de cr\u00e9ation :<\/strong><\/h2>\n<p>2007 \/ communaut\u00e9 de Balgo Hills, Warlayirti Artists<\/p>\n","protected":false},"excerpt":{"rendered":"<p>Titre de l\u2019\u0153uvre : Wangkartu Artiste : Helicopter Tjungurrayi (n\u00e9 en 1947) Technique : Taille douce sur zinc (aquatinte au sucre) en deux matrices sur papier blanc au timbre sec de Nothern Editions Sign\u00e9e et dat\u00e9e au crayon en partie inf\u00e9rieure droite et num\u00e9rot\u00e9e 32\/50 au crayon en partie inf\u00e9rieure gauche Dimension(s) : 81 x 61 cm papier ; 59&hellip;<\/p>\n","protected":false},"author":1,"featured_media":0,"parent":0,"menu_order":0,"comment_status":"closed","ping_status":"closed","template":"","meta":[],"_links":{"self":[{"href":"https:\/\/www.artandtracks.com\/index.php\/wp-json\/wp\/v2\/pages\/308"}],"collection":[{"href":"https:\/\/www.artandtracks.com\/index.php\/wp-json\/wp\/v2\/pages"}],"about":[{"href":"https:\/\/www.artandtracks.com\/index.php\/wp-json\/wp\/v2\/types\/page"}],"author":[{"embeddable":true,"href":"https:\/\/www.artandtracks.com\/index.php\/wp-json\/wp\/v2\/users\/1"}],"replies":[{"embeddable":true,"href":"https:\/\/www.artandtracks.com\/index.php\/wp-json\/wp\/v2\/comments?post=308"}],"version-history":[{"count":3,"href":"https:\/\/www.artandtracks.com\/index.php\/wp-json\/wp\/v2\/pages\/308\/revisions"}],"predecessor-version":[{"id":784,"href":"https:\/\/www.artandtracks.com\/index.php\/wp-json\/wp\/v2\/pages\/308\/revisions\/784"}],"wp:attachment":[{"href":"https:\/\/www.artandtracks.com\/index.php\/wp-json\/wp\/v2\/media?parent=308"}],"curies":[{"name":"wp","href":"https:\/\/api.w.org\/{rel}","templated":true}]}}