{"id":300,"date":"2017-06-17T11:15:42","date_gmt":"2017-06-17T09:15:42","guid":{"rendered":"http:\/\/www.artandtracks.com\/?page_id=300"},"modified":"2017-06-17T11:15:42","modified_gmt":"2017-06-17T09:15:42","slug":"judy-napangardi-watson-majardi-jukurrpa","status":"publish","type":"page","link":"https:\/\/www.artandtracks.com\/index.php\/judy-napangardi-watson-majardi-jukurrpa\/","title":{"rendered":"Judy Napangardi Watson &#8211; &#8220;Majardi Jukurrpa&#8221;"},"content":{"rendered":"<h2><a href=\"http:\/\/www.artandtracks.com\/wp-content\/uploads\/2017\/05\/judy-watson.jpg\"><img decoding=\"async\" loading=\"lazy\" class=\"alignnone wp-image-289 size-medium\" src=\"http:\/\/www.artandtracks.com\/wp-content\/uploads\/2017\/05\/judy-watson-233x300.jpg\" alt=\"\" width=\"233\" height=\"300\" srcset=\"https:\/\/www.artandtracks.com\/wp-content\/uploads\/2017\/05\/judy-watson-233x300.jpg 233w, https:\/\/www.artandtracks.com\/wp-content\/uploads\/2017\/05\/judy-watson-768x989.jpg 768w, https:\/\/www.artandtracks.com\/wp-content\/uploads\/2017\/05\/judy-watson-795x1024.jpg 795w, https:\/\/www.artandtracks.com\/wp-content\/uploads\/2017\/05\/judy-watson-600x773.jpg 600w, https:\/\/www.artandtracks.com\/wp-content\/uploads\/2017\/05\/judy-watson-800x1031.jpg 800w\" sizes=\"(max-width: 233px) 100vw, 233px\" \/><\/a><\/h2>\n<h2><strong>Titre d<\/strong><strong>e l\u2019\u0153uvre :<\/strong><\/h2>\n<p>Majardi Jukurrpa<\/p>\n<h2><strong>Artiste :<\/strong><\/h2>\n<p>Judy Napangardi Watson (1925-2016)<\/p>\n<h2><strong>Technique :<\/strong><\/h2>\n<p>S\u00e9rigraphie en neuf couleurs sur papier blanc au timbre sec de Nothern Editions<\/p>\n<p>Sign\u00e9e au crayon en partie inf\u00e9rieure droite et num\u00e9rot\u00e9e 27\/99 au crayon en partie inf\u00e9rieure gauche<\/p>\n<h2><strong>Dimension(s) :<\/strong><\/h2>\n<p>40 x 30,5 cm <em>papier\u00a0<\/em>; 27,7 x 21 <em>image<br \/>\n<\/em><\/p>\n<h2><strong>Ann\u00e9e et lieu de cr\u00e9ation :<\/strong><\/h2>\n<p>2009 \/ communaut\u00e9 de Yuendumu, Warlukurlangu<\/p>\n","protected":false},"excerpt":{"rendered":"<p>Titre de l\u2019\u0153uvre : Majardi Jukurrpa Artiste : Judy Napangardi Watson (1925-2016) Technique : S\u00e9rigraphie en neuf couleurs sur papier blanc au timbre sec de Nothern Editions Sign\u00e9e au crayon en partie inf\u00e9rieure droite et num\u00e9rot\u00e9e 27\/99 au crayon en partie inf\u00e9rieure gauche Dimension(s) : 40 x 30,5 cm papier\u00a0; 27,7 x 21 image Ann\u00e9e et lieu de cr\u00e9ation :&hellip;<\/p>\n","protected":false},"author":1,"featured_media":0,"parent":0,"menu_order":0,"comment_status":"closed","ping_status":"closed","template":"","meta":[],"_links":{"self":[{"href":"https:\/\/www.artandtracks.com\/index.php\/wp-json\/wp\/v2\/pages\/300"}],"collection":[{"href":"https:\/\/www.artandtracks.com\/index.php\/wp-json\/wp\/v2\/pages"}],"about":[{"href":"https:\/\/www.artandtracks.com\/index.php\/wp-json\/wp\/v2\/types\/page"}],"author":[{"embeddable":true,"href":"https:\/\/www.artandtracks.com\/index.php\/wp-json\/wp\/v2\/users\/1"}],"replies":[{"embeddable":true,"href":"https:\/\/www.artandtracks.com\/index.php\/wp-json\/wp\/v2\/comments?post=300"}],"version-history":[{"count":1,"href":"https:\/\/www.artandtracks.com\/index.php\/wp-json\/wp\/v2\/pages\/300\/revisions"}],"predecessor-version":[{"id":301,"href":"https:\/\/www.artandtracks.com\/index.php\/wp-json\/wp\/v2\/pages\/300\/revisions\/301"}],"wp:attachment":[{"href":"https:\/\/www.artandtracks.com\/index.php\/wp-json\/wp\/v2\/media?parent=300"}],"curies":[{"name":"wp","href":"https:\/\/api.w.org\/{rel}","templated":true}]}}