{"id":228,"date":"2017-05-17T23:24:24","date_gmt":"2017-05-17T21:24:24","guid":{"rendered":"http:\/\/www.artandtracks.com\/?page_id=228"},"modified":"2017-05-17T23:44:38","modified_gmt":"2017-05-17T21:44:38","slug":"paddy-japaljarri-sims-yarinta-rdaku-rdaku","status":"publish","type":"page","link":"https:\/\/www.artandtracks.com\/index.php\/paddy-japaljarri-sims-yarinta-rdaku-rdaku\/","title":{"rendered":"Paddy Japaljarri Sims &#8211; &#8220;Yarinta-rdaku-rdaku&#8221;"},"content":{"rendered":"<h2><a href=\"http:\/\/www.artandtracks.com\/wp-content\/uploads\/2017\/05\/4-3.jpg\"><img decoding=\"async\" loading=\"lazy\" class=\"alignnone wp-image-216 size-medium\" src=\"http:\/\/www.artandtracks.com\/wp-content\/uploads\/2017\/05\/4-3-237x300.jpg\" alt=\"\" width=\"237\" height=\"300\" srcset=\"https:\/\/www.artandtracks.com\/wp-content\/uploads\/2017\/05\/4-3-237x300.jpg 237w, https:\/\/www.artandtracks.com\/wp-content\/uploads\/2017\/05\/4-3-768x971.jpg 768w, https:\/\/www.artandtracks.com\/wp-content\/uploads\/2017\/05\/4-3-810x1024.jpg 810w, https:\/\/www.artandtracks.com\/wp-content\/uploads\/2017\/05\/4-3-600x758.jpg 600w, https:\/\/www.artandtracks.com\/wp-content\/uploads\/2017\/05\/4-3-800x1011.jpg 800w\" sizes=\"(max-width: 237px) 100vw, 237px\" \/><\/a><\/h2>\n<h2><strong>Titre d<\/strong><strong>e l\u2019\u0153uvre :<\/strong><\/h2>\n<p>Yarinta-rdaku-rdaku<\/p>\n<h2><strong>Artiste :<\/strong><\/h2>\n<p>Paddy Japaljarri Sims (1917-2010)<\/p>\n<h2><strong>Technique :<\/strong><\/h2>\n<p>S\u00e9rigraphie en six couleurs sur papier blanc<\/p>\n<p>Sign\u00e9e au crayon en partie inf\u00e9rieure droite et num\u00e9rot\u00e9e 19\/100 au crayon en partie inf\u00e9rieure gauche<\/p>\n<h2><strong>Dimension(s) :<\/strong><\/h2>\n<p>76 x 55,5 cm <em>papier<\/em> ; 60 x 48 cm <em>image<\/em><\/p>\n<h2><strong>Ann\u00e9e et lieu de cr\u00e9ation :<\/strong><\/h2>\n<p>2003 \/ communaut\u00e9 de Yuendumu, Warlukurlangu<\/p>\n","protected":false},"excerpt":{"rendered":"<p>Titre de l\u2019\u0153uvre : Yarinta-rdaku-rdaku Artiste : Paddy Japaljarri Sims (1917-2010) Technique : S\u00e9rigraphie en six couleurs sur papier blanc Sign\u00e9e au crayon en partie inf\u00e9rieure droite et num\u00e9rot\u00e9e 19\/100 au crayon en partie inf\u00e9rieure gauche Dimension(s) : 76 x 55,5 cm papier ; 60 x 48 cm image Ann\u00e9e et lieu de cr\u00e9ation : 2003 \/ communaut\u00e9 de Yuendumu,&hellip;<\/p>\n","protected":false},"author":1,"featured_media":0,"parent":0,"menu_order":0,"comment_status":"closed","ping_status":"closed","template":"","meta":[],"_links":{"self":[{"href":"https:\/\/www.artandtracks.com\/index.php\/wp-json\/wp\/v2\/pages\/228"}],"collection":[{"href":"https:\/\/www.artandtracks.com\/index.php\/wp-json\/wp\/v2\/pages"}],"about":[{"href":"https:\/\/www.artandtracks.com\/index.php\/wp-json\/wp\/v2\/types\/page"}],"author":[{"embeddable":true,"href":"https:\/\/www.artandtracks.com\/index.php\/wp-json\/wp\/v2\/users\/1"}],"replies":[{"embeddable":true,"href":"https:\/\/www.artandtracks.com\/index.php\/wp-json\/wp\/v2\/comments?post=228"}],"version-history":[{"count":3,"href":"https:\/\/www.artandtracks.com\/index.php\/wp-json\/wp\/v2\/pages\/228\/revisions"}],"predecessor-version":[{"id":232,"href":"https:\/\/www.artandtracks.com\/index.php\/wp-json\/wp\/v2\/pages\/228\/revisions\/232"}],"wp:attachment":[{"href":"https:\/\/www.artandtracks.com\/index.php\/wp-json\/wp\/v2\/media?parent=228"}],"curies":[{"name":"wp","href":"https:\/\/api.w.org\/{rel}","templated":true}]}}