{"id":1477,"date":"2023-09-19T10:47:51","date_gmt":"2023-09-19T08:47:51","guid":{"rendered":"http:\/\/www.artandtracks.com\/?page_id=1477"},"modified":"2023-09-19T10:47:51","modified_gmt":"2023-09-19T08:47:51","slug":"rachel-lionel-kapi-wankanya","status":"publish","type":"page","link":"https:\/\/www.artandtracks.com\/index.php\/rachel-lionel-kapi-wankanya\/","title":{"rendered":"Rachel Lionel &#8211; &#8220;Kapi Wankanya&#8221;"},"content":{"rendered":"\n<figure class=\"wp-block-image size-medium\"><a href=\"http:\/\/www.artandtracks.com\/wp-content\/uploads\/2023\/09\/Ernabella-1-scaled.jpg\"><img decoding=\"async\" loading=\"lazy\" width=\"188\" height=\"300\" src=\"http:\/\/www.artandtracks.com\/wp-content\/uploads\/2023\/09\/Ernabella-1-188x300.jpg\" alt=\"\" class=\"wp-image-1478\" srcset=\"https:\/\/www.artandtracks.com\/wp-content\/uploads\/2023\/09\/Ernabella-1-188x300.jpg 188w, https:\/\/www.artandtracks.com\/wp-content\/uploads\/2023\/09\/Ernabella-1-643x1024.jpg 643w, https:\/\/www.artandtracks.com\/wp-content\/uploads\/2023\/09\/Ernabella-1-768x1224.jpg 768w, https:\/\/www.artandtracks.com\/wp-content\/uploads\/2023\/09\/Ernabella-1-600x956.jpg 600w, https:\/\/www.artandtracks.com\/wp-content\/uploads\/2023\/09\/Ernabella-1-964x1536.jpg 964w, https:\/\/www.artandtracks.com\/wp-content\/uploads\/2023\/09\/Ernabella-1-1285x2048.jpg 1285w, https:\/\/www.artandtracks.com\/wp-content\/uploads\/2023\/09\/Ernabella-1-800x1275.jpg 800w, https:\/\/www.artandtracks.com\/wp-content\/uploads\/2023\/09\/Ernabella-1-scaled.jpg 1606w\" sizes=\"(max-width: 188px) 100vw, 188px\" \/><\/a><\/figure>\n\n\n\n<h2 class=\"wp-block-heading\"><strong>Titre de l\u2019\u0153uvre :<\/strong><\/h2>\n\n\n\n<p>Kapi Wankanya<\/p>\n\n\n\n<h2 class=\"wp-block-heading\"><strong>Artiste :<\/strong><\/h2>\n\n\n\n<p>Rachael Lionel (n\u00e9e en 1967)<\/p>\n\n\n\n<h2 class=\"wp-block-heading\"><strong>Technique :<\/strong><\/h2>\n\n\n\n<p>Acrylique sur toile<\/p>\n\n\n\n<h2 class=\"wp-block-heading\"><strong>Dimension(s) :<\/strong><\/h2>\n\n\n\n<p>198 x 122 cm<\/p>\n\n\n\n<h2 class=\"wp-block-heading\"><strong>Ann\u00e9e et lieu de cr\u00e9ation :<\/strong><\/h2>\n\n\n\n<p>2017 \/ communaut\u00e9 de Pukatja, Ernabella arts<\/p>\n","protected":false},"excerpt":{"rendered":"<p>Titre de l\u2019\u0153uvre : Kapi Wankanya Artiste : Rachael Lionel (n\u00e9e en 1967) Technique : Acrylique sur toile Dimension(s) : 198 x 122 cm Ann\u00e9e et lieu de cr\u00e9ation : 2017 \/ communaut\u00e9 de Pukatja, Ernabella arts<\/p>\n","protected":false},"author":1,"featured_media":0,"parent":0,"menu_order":0,"comment_status":"closed","ping_status":"closed","template":"","meta":[],"_links":{"self":[{"href":"https:\/\/www.artandtracks.com\/index.php\/wp-json\/wp\/v2\/pages\/1477"}],"collection":[{"href":"https:\/\/www.artandtracks.com\/index.php\/wp-json\/wp\/v2\/pages"}],"about":[{"href":"https:\/\/www.artandtracks.com\/index.php\/wp-json\/wp\/v2\/types\/page"}],"author":[{"embeddable":true,"href":"https:\/\/www.artandtracks.com\/index.php\/wp-json\/wp\/v2\/users\/1"}],"replies":[{"embeddable":true,"href":"https:\/\/www.artandtracks.com\/index.php\/wp-json\/wp\/v2\/comments?post=1477"}],"version-history":[{"count":1,"href":"https:\/\/www.artandtracks.com\/index.php\/wp-json\/wp\/v2\/pages\/1477\/revisions"}],"predecessor-version":[{"id":1479,"href":"https:\/\/www.artandtracks.com\/index.php\/wp-json\/wp\/v2\/pages\/1477\/revisions\/1479"}],"wp:attachment":[{"href":"https:\/\/www.artandtracks.com\/index.php\/wp-json\/wp\/v2\/media?parent=1477"}],"curies":[{"name":"wp","href":"https:\/\/api.w.org\/{rel}","templated":true}]}}