{"id":1250,"date":"2023-09-12T12:45:33","date_gmt":"2023-09-12T10:45:33","guid":{"rendered":"http:\/\/www.artandtracks.com\/?page_id=1250"},"modified":"2023-09-20T03:21:21","modified_gmt":"2023-09-20T01:21:21","slug":"rusty-peters-billimack-spring","status":"publish","type":"page","link":"https:\/\/www.artandtracks.com\/index.php\/rusty-peters-billimack-spring\/","title":{"rendered":"Rusty Peters &#8211; &#8220;Billimack spring&#8221;"},"content":{"rendered":"\n<figure class=\"wp-block-image size-medium\"><a href=\"http:\/\/www.artandtracks.com\/wp-content\/uploads\/2023\/09\/Rusty-Peters-2-scaled.jpg\"><img decoding=\"async\" loading=\"lazy\" width=\"300\" height=\"227\" src=\"http:\/\/www.artandtracks.com\/wp-content\/uploads\/2023\/09\/Rusty-Peters-2-300x227.jpg\" alt=\"\" class=\"wp-image-1251\" srcset=\"https:\/\/www.artandtracks.com\/wp-content\/uploads\/2023\/09\/Rusty-Peters-2-300x227.jpg 300w, https:\/\/www.artandtracks.com\/wp-content\/uploads\/2023\/09\/Rusty-Peters-2-1024x776.jpg 1024w, https:\/\/www.artandtracks.com\/wp-content\/uploads\/2023\/09\/Rusty-Peters-2-768x582.jpg 768w, https:\/\/www.artandtracks.com\/wp-content\/uploads\/2023\/09\/Rusty-Peters-2-600x455.jpg 600w, https:\/\/www.artandtracks.com\/wp-content\/uploads\/2023\/09\/Rusty-Peters-2-1536x1165.jpg 1536w, https:\/\/www.artandtracks.com\/wp-content\/uploads\/2023\/09\/Rusty-Peters-2-2048x1553.jpg 2048w, https:\/\/www.artandtracks.com\/wp-content\/uploads\/2023\/09\/Rusty-Peters-2-800x607.jpg 800w\" sizes=\"(max-width: 300px) 100vw, 300px\" \/><\/a><\/figure>\n\n\n\n<h2 class=\"wp-block-heading\"><strong>Titre d<\/strong><strong>e l\u2019\u0153uvre :<\/strong><\/h2>\n\n\n\n<p>Billimack spring<\/p>\n\n\n\n<h2 class=\"wp-block-heading\"><strong>Artiste :<\/strong><\/h2>\n\n\n\n<p>Rusty Peters (1935-2020)<\/p>\n\n\n\n<h2 class=\"wp-block-heading\"><strong>Technique :<\/strong><\/h2>\n\n\n\n<p>Ocre sur toile<\/p>\n\n\n\n<h2 class=\"wp-block-heading\"><strong>Dimension(s) :<\/strong><\/h2>\n\n\n\n<p>90 x 120 cm<\/p>\n\n\n\n<h2 class=\"wp-block-heading\"><strong>Ann\u00e9e et lieu de cr\u00e9ation :<\/strong><\/h2>\n\n\n\n<p>2012 \/ Warmun<\/p>\n","protected":false},"excerpt":{"rendered":"<p>Titre de l\u2019\u0153uvre : Billimack spring Artiste : Rusty Peters (1935-2020) Technique : Ocre sur toile Dimension(s) : 90 x 120 cm Ann\u00e9e et lieu de cr\u00e9ation : 2012 \/ Warmun<\/p>\n","protected":false},"author":1,"featured_media":0,"parent":0,"menu_order":0,"comment_status":"closed","ping_status":"closed","template":"","meta":[],"_links":{"self":[{"href":"https:\/\/www.artandtracks.com\/index.php\/wp-json\/wp\/v2\/pages\/1250"}],"collection":[{"href":"https:\/\/www.artandtracks.com\/index.php\/wp-json\/wp\/v2\/pages"}],"about":[{"href":"https:\/\/www.artandtracks.com\/index.php\/wp-json\/wp\/v2\/types\/page"}],"author":[{"embeddable":true,"href":"https:\/\/www.artandtracks.com\/index.php\/wp-json\/wp\/v2\/users\/1"}],"replies":[{"embeddable":true,"href":"https:\/\/www.artandtracks.com\/index.php\/wp-json\/wp\/v2\/comments?post=1250"}],"version-history":[{"count":3,"href":"https:\/\/www.artandtracks.com\/index.php\/wp-json\/wp\/v2\/pages\/1250\/revisions"}],"predecessor-version":[{"id":1525,"href":"https:\/\/www.artandtracks.com\/index.php\/wp-json\/wp\/v2\/pages\/1250\/revisions\/1525"}],"wp:attachment":[{"href":"https:\/\/www.artandtracks.com\/index.php\/wp-json\/wp\/v2\/media?parent=1250"}],"curies":[{"name":"wp","href":"https:\/\/api.w.org\/{rel}","templated":true}]}}