{"id":1245,"date":"2023-09-12T11:12:13","date_gmt":"2023-09-12T09:12:13","guid":{"rendered":"http:\/\/www.artandtracks.com\/?page_id=1245"},"modified":"2023-09-19T10:59:58","modified_gmt":"2023-09-19T08:59:58","slug":"alice-dixon-tali-tali","status":"publish","type":"page","link":"https:\/\/www.artandtracks.com\/index.php\/alice-dixon-tali-tali\/","title":{"rendered":"Alice Dixon &#8211; &#8220;Tali tali&#8221;"},"content":{"rendered":"\n<figure class=\"wp-block-image size-medium\"><a href=\"http:\/\/www.artandtracks.com\/wp-content\/uploads\/2023\/09\/20220925_145728-1-scaled-e1694509553763.jpg\"><img decoding=\"async\" loading=\"lazy\" width=\"300\" height=\"150\" src=\"http:\/\/www.artandtracks.com\/wp-content\/uploads\/2023\/09\/20220925_145728-1-scaled-e1694509553763-300x150.jpg\" alt=\"\" class=\"wp-image-1193\" srcset=\"https:\/\/www.artandtracks.com\/wp-content\/uploads\/2023\/09\/20220925_145728-1-scaled-e1694509553763-300x150.jpg 300w, https:\/\/www.artandtracks.com\/wp-content\/uploads\/2023\/09\/20220925_145728-1-scaled-e1694509553763-1024x512.jpg 1024w, https:\/\/www.artandtracks.com\/wp-content\/uploads\/2023\/09\/20220925_145728-1-scaled-e1694509553763-768x384.jpg 768w, https:\/\/www.artandtracks.com\/wp-content\/uploads\/2023\/09\/20220925_145728-1-scaled-e1694509553763-600x300.jpg 600w, https:\/\/www.artandtracks.com\/wp-content\/uploads\/2023\/09\/20220925_145728-1-scaled-e1694509553763-1536x769.jpg 1536w, https:\/\/www.artandtracks.com\/wp-content\/uploads\/2023\/09\/20220925_145728-1-scaled-e1694509553763-2048x1025.jpg 2048w, https:\/\/www.artandtracks.com\/wp-content\/uploads\/2023\/09\/20220925_145728-1-scaled-e1694509553763-800x400.jpg 800w\" sizes=\"(max-width: 300px) 100vw, 300px\" \/><\/a><\/figure>\n\n\n\n<h2 class=\"wp-block-heading\"><strong>Titre d<\/strong><strong>e l\u2019\u0153uvre :<\/strong><\/h2>\n\n\n\n<p>Tali tali &#8211; Sandhills<\/p>\n\n\n\n<h2 class=\"wp-block-heading\"><strong>Artiste :<\/strong><\/h2>\n\n\n\n<p>Alice Nampitjinpa Dixon (1943-2020)<\/p>\n\n\n\n<h2 class=\"wp-block-heading\"><strong>Technique :<\/strong><\/h2>\n\n\n\n<p>Taille douce sur zinc sur papier blanc au timbre sec de Basil Hall Editions<\/p>\n\n\n\n<p>Sign\u00e9e au crayon en partie inf\u00e9rieure droite et num\u00e9rot\u00e9e 4\/20 au crayon en partie inf\u00e9rieure gauche. <\/p>\n\n\n\n<h2 class=\"wp-block-heading\"><strong>Dimension(s) :<\/strong><\/h2>\n\n\n\n<p>49 x 98 cm <em>image<\/em> <em>(tirage sans marges)<\/em><\/p>\n\n\n\n<h2 class=\"wp-block-heading\"><strong>Ann\u00e9e et lieu de cr\u00e9ation :<\/strong><\/h2>\n\n\n\n<p>2019 \/ communaut\u00e9 de Haasts Bluff, Ikuntji Artists<\/p>\n","protected":false},"excerpt":{"rendered":"<p>Titre de l\u2019\u0153uvre : Tali tali &#8211; Sandhills Artiste : Alice Nampitjinpa Dixon (1943-2020) Technique : Taille douce sur zinc sur papier blanc au timbre sec de Basil Hall Editions Sign\u00e9e au crayon en partie inf\u00e9rieure droite et num\u00e9rot\u00e9e 4\/20 au crayon en partie inf\u00e9rieure gauche. Dimension(s) : 49 x 98 cm image (tirage sans marges) Ann\u00e9e et lieu de&hellip;<\/p>\n","protected":false},"author":1,"featured_media":0,"parent":0,"menu_order":0,"comment_status":"closed","ping_status":"closed","template":"","meta":[],"_links":{"self":[{"href":"https:\/\/www.artandtracks.com\/index.php\/wp-json\/wp\/v2\/pages\/1245"}],"collection":[{"href":"https:\/\/www.artandtracks.com\/index.php\/wp-json\/wp\/v2\/pages"}],"about":[{"href":"https:\/\/www.artandtracks.com\/index.php\/wp-json\/wp\/v2\/types\/page"}],"author":[{"embeddable":true,"href":"https:\/\/www.artandtracks.com\/index.php\/wp-json\/wp\/v2\/users\/1"}],"replies":[{"embeddable":true,"href":"https:\/\/www.artandtracks.com\/index.php\/wp-json\/wp\/v2\/comments?post=1245"}],"version-history":[{"count":2,"href":"https:\/\/www.artandtracks.com\/index.php\/wp-json\/wp\/v2\/pages\/1245\/revisions"}],"predecessor-version":[{"id":1485,"href":"https:\/\/www.artandtracks.com\/index.php\/wp-json\/wp\/v2\/pages\/1245\/revisions\/1485"}],"wp:attachment":[{"href":"https:\/\/www.artandtracks.com\/index.php\/wp-json\/wp\/v2\/media?parent=1245"}],"curies":[{"name":"wp","href":"https:\/\/api.w.org\/{rel}","templated":true}]}}