{"id":1241,"date":"2023-09-12T09:40:25","date_gmt":"2023-09-12T07:40:25","guid":{"rendered":"http:\/\/www.artandtracks.com\/?page_id=1241"},"modified":"2023-09-12T09:40:25","modified_gmt":"2023-09-12T07:40:25","slug":"renae-fox-walka-wiru-ngura-wiru","status":"publish","type":"page","link":"https:\/\/www.artandtracks.com\/index.php\/renae-fox-walka-wiru-ngura-wiru\/","title":{"rendered":"Renae Fox &#8211; &#8220;Walka wiru ngura wiru&#8221;"},"content":{"rendered":"\n<figure class=\"wp-block-image size-medium\"><a href=\"http:\/\/www.artandtracks.com\/wp-content\/uploads\/2023\/09\/20220910_131816-1.jpg\"><img decoding=\"async\" loading=\"lazy\" width=\"300\" height=\"296\" src=\"http:\/\/www.artandtracks.com\/wp-content\/uploads\/2023\/09\/20220910_131816-1-300x296.jpg\" alt=\"\" class=\"wp-image-1192\" srcset=\"https:\/\/www.artandtracks.com\/wp-content\/uploads\/2023\/09\/20220910_131816-1-300x296.jpg 300w, https:\/\/www.artandtracks.com\/wp-content\/uploads\/2023\/09\/20220910_131816-1-1024x1010.jpg 1024w, https:\/\/www.artandtracks.com\/wp-content\/uploads\/2023\/09\/20220910_131816-1-768x757.jpg 768w, https:\/\/www.artandtracks.com\/wp-content\/uploads\/2023\/09\/20220910_131816-1-600x592.jpg 600w, https:\/\/www.artandtracks.com\/wp-content\/uploads\/2023\/09\/20220910_131816-1-1536x1515.jpg 1536w, https:\/\/www.artandtracks.com\/wp-content\/uploads\/2023\/09\/20220910_131816-1-2048x2020.jpg 2048w, https:\/\/www.artandtracks.com\/wp-content\/uploads\/2023\/09\/20220910_131816-1-800x789.jpg 800w\" sizes=\"(max-width: 300px) 100vw, 300px\" \/><\/a><\/figure>\n\n\n\n<h2 class=\"wp-block-heading\"><strong>Titre de l\u2019\u0153uvre :<\/strong><\/h2>\n\n\n\n<p>Walka wiru ngura wiru<\/p>\n\n\n\n<h2 class=\"wp-block-heading\"><strong>Artiste :<\/strong><\/h2>\n\n\n\n<p>Renae Fox<\/p>\n\n\n\n<h2 class=\"wp-block-heading\"><strong>Technique :<\/strong><\/h2>\n\n\n\n<p>Acrylique sur toile<\/p>\n\n\n\n<h2 class=\"wp-block-heading\"><strong>Dimension(s) :<\/strong><\/h2>\n\n\n\n<p>91 x 91 cm<\/p>\n\n\n\n<h2 class=\"wp-block-heading\"><strong>Ann\u00e9e et lieu de cr\u00e9ation :<\/strong><\/h2>\n\n\n\n<p>2022 \/ communaut\u00e9 de Kalka, Ninuku arts<\/p>\n","protected":false},"excerpt":{"rendered":"<p>Titre de l\u2019\u0153uvre : Walka wiru ngura wiru Artiste : Renae Fox Technique : Acrylique sur toile Dimension(s) : 91 x 91 cm Ann\u00e9e et lieu de cr\u00e9ation : 2022 \/ communaut\u00e9 de Kalka, Ninuku arts<\/p>\n","protected":false},"author":1,"featured_media":0,"parent":0,"menu_order":0,"comment_status":"closed","ping_status":"closed","template":"","meta":[],"_links":{"self":[{"href":"https:\/\/www.artandtracks.com\/index.php\/wp-json\/wp\/v2\/pages\/1241"}],"collection":[{"href":"https:\/\/www.artandtracks.com\/index.php\/wp-json\/wp\/v2\/pages"}],"about":[{"href":"https:\/\/www.artandtracks.com\/index.php\/wp-json\/wp\/v2\/types\/page"}],"author":[{"embeddable":true,"href":"https:\/\/www.artandtracks.com\/index.php\/wp-json\/wp\/v2\/users\/1"}],"replies":[{"embeddable":true,"href":"https:\/\/www.artandtracks.com\/index.php\/wp-json\/wp\/v2\/comments?post=1241"}],"version-history":[{"count":1,"href":"https:\/\/www.artandtracks.com\/index.php\/wp-json\/wp\/v2\/pages\/1241\/revisions"}],"predecessor-version":[{"id":1242,"href":"https:\/\/www.artandtracks.com\/index.php\/wp-json\/wp\/v2\/pages\/1241\/revisions\/1242"}],"wp:attachment":[{"href":"https:\/\/www.artandtracks.com\/index.php\/wp-json\/wp\/v2\/media?parent=1241"}],"curies":[{"name":"wp","href":"https:\/\/api.w.org\/{rel}","templated":true}]}}