{"id":1234,"date":"2023-09-12T09:16:40","date_gmt":"2023-09-12T07:16:40","guid":{"rendered":"http:\/\/www.artandtracks.com\/?page_id=1234"},"modified":"2023-09-12T09:16:40","modified_gmt":"2023-09-12T07:16:40","slug":"rusty-peters-garnawoony","status":"publish","type":"page","link":"https:\/\/www.artandtracks.com\/index.php\/rusty-peters-garnawoony\/","title":{"rendered":"Rusty Peters &#8211; &#8220;Garnawoony&#8221;"},"content":{"rendered":"\n<figure class=\"wp-block-image size-medium\"><a href=\"http:\/\/www.artandtracks.com\/wp-content\/uploads\/2023\/09\/Rusty-Peters.jpg\"><img decoding=\"async\" loading=\"lazy\" width=\"300\" height=\"300\" src=\"http:\/\/www.artandtracks.com\/wp-content\/uploads\/2023\/09\/Rusty-Peters-300x300.jpg\" alt=\"\" class=\"wp-image-1235\" srcset=\"https:\/\/www.artandtracks.com\/wp-content\/uploads\/2023\/09\/Rusty-Peters-300x300.jpg 300w, https:\/\/www.artandtracks.com\/wp-content\/uploads\/2023\/09\/Rusty-Peters-1024x1024.jpg 1024w, https:\/\/www.artandtracks.com\/wp-content\/uploads\/2023\/09\/Rusty-Peters-150x150.jpg 150w, https:\/\/www.artandtracks.com\/wp-content\/uploads\/2023\/09\/Rusty-Peters-768x768.jpg 768w, https:\/\/www.artandtracks.com\/wp-content\/uploads\/2023\/09\/Rusty-Peters-600x600.jpg 600w, https:\/\/www.artandtracks.com\/wp-content\/uploads\/2023\/09\/Rusty-Peters-1536x1536.jpg 1536w, https:\/\/www.artandtracks.com\/wp-content\/uploads\/2023\/09\/Rusty-Peters-800x800.jpg 800w, https:\/\/www.artandtracks.com\/wp-content\/uploads\/2023\/09\/Rusty-Peters.jpg 2004w\" sizes=\"(max-width: 300px) 100vw, 300px\" \/><\/a><\/figure>\n\n\n\n<h2 class=\"wp-block-heading\"><strong>Titre de l\u2019\u0153uvre :<\/strong><\/h2>\n\n\n\n<p>Garnawoony<\/p>\n\n\n\n<h2 class=\"wp-block-heading\"><strong>Artiste :<\/strong><\/h2>\n\n\n\n<p>Rusty Peters (1935-2020)<\/p>\n\n\n\n<h2 class=\"wp-block-heading\"><strong>Technique :<\/strong><\/h2>\n\n\n\n<p>Taille douce sur zinc sur papier blanc<\/p>\n\n\n\n<p>Sign\u00e9e au crayon en partie inf\u00e9rieure droite et num\u00e9rot\u00e9e 48\/50 au crayon en partie inf\u00e9rieure gauche<\/p>\n\n\n\n<h2 class=\"wp-block-heading\"><strong>Dimension(s) :<\/strong><\/h2>\n\n\n\n<p>49 x 41 cm <em>image<\/em> <em>(coup de planche)<\/em><\/p>\n\n\n\n<h2 class=\"wp-block-heading\"><strong>Ann\u00e9e et lieu de cr\u00e9ation :<\/strong><\/h2>\n\n\n\n<p>2014 \/ Warmun<\/p>\n","protected":false},"excerpt":{"rendered":"<p>Titre de l\u2019\u0153uvre : Garnawoony Artiste : Rusty Peters (1935-2020) Technique : Taille douce sur zinc sur papier blanc Sign\u00e9e au crayon en partie inf\u00e9rieure droite et num\u00e9rot\u00e9e 48\/50 au crayon en partie inf\u00e9rieure gauche Dimension(s) : 49 x 41 cm image (coup de planche) Ann\u00e9e et lieu de cr\u00e9ation : 2014 \/ Warmun<\/p>\n","protected":false},"author":1,"featured_media":0,"parent":0,"menu_order":0,"comment_status":"closed","ping_status":"closed","template":"","meta":[],"_links":{"self":[{"href":"https:\/\/www.artandtracks.com\/index.php\/wp-json\/wp\/v2\/pages\/1234"}],"collection":[{"href":"https:\/\/www.artandtracks.com\/index.php\/wp-json\/wp\/v2\/pages"}],"about":[{"href":"https:\/\/www.artandtracks.com\/index.php\/wp-json\/wp\/v2\/types\/page"}],"author":[{"embeddable":true,"href":"https:\/\/www.artandtracks.com\/index.php\/wp-json\/wp\/v2\/users\/1"}],"replies":[{"embeddable":true,"href":"https:\/\/www.artandtracks.com\/index.php\/wp-json\/wp\/v2\/comments?post=1234"}],"version-history":[{"count":1,"href":"https:\/\/www.artandtracks.com\/index.php\/wp-json\/wp\/v2\/pages\/1234\/revisions"}],"predecessor-version":[{"id":1236,"href":"https:\/\/www.artandtracks.com\/index.php\/wp-json\/wp\/v2\/pages\/1234\/revisions\/1236"}],"wp:attachment":[{"href":"https:\/\/www.artandtracks.com\/index.php\/wp-json\/wp\/v2\/media?parent=1234"}],"curies":[{"name":"wp","href":"https:\/\/api.w.org\/{rel}","templated":true}]}}