{"id":1218,"date":"2023-09-12T08:52:42","date_gmt":"2023-09-12T06:52:42","guid":{"rendered":"http:\/\/www.artandtracks.com\/?page_id=1218"},"modified":"2023-09-12T08:52:42","modified_gmt":"2023-09-12T06:52:42","slug":"rammey-ramsey-geminmigan-country-bull-hole","status":"publish","type":"page","link":"https:\/\/www.artandtracks.com\/index.php\/rammey-ramsey-geminmigan-country-bull-hole\/","title":{"rendered":"Rammey Ramsey &#8211; &#8220;Geminmigan country, bull hole&#8221;"},"content":{"rendered":"\n<figure class=\"wp-block-image size-medium\"><a href=\"http:\/\/www.artandtracks.com\/wp-content\/uploads\/2023\/09\/Ramsey-4-1-scaled.jpg\"><img decoding=\"async\" loading=\"lazy\" width=\"289\" height=\"300\" src=\"http:\/\/www.artandtracks.com\/wp-content\/uploads\/2023\/09\/Ramsey-4-1-289x300.jpg\" alt=\"\" class=\"wp-image-1208\" srcset=\"https:\/\/www.artandtracks.com\/wp-content\/uploads\/2023\/09\/Ramsey-4-1-289x300.jpg 289w, https:\/\/www.artandtracks.com\/wp-content\/uploads\/2023\/09\/Ramsey-4-1-986x1024.jpg 986w, https:\/\/www.artandtracks.com\/wp-content\/uploads\/2023\/09\/Ramsey-4-1-768x797.jpg 768w, https:\/\/www.artandtracks.com\/wp-content\/uploads\/2023\/09\/Ramsey-4-1-600x623.jpg 600w, https:\/\/www.artandtracks.com\/wp-content\/uploads\/2023\/09\/Ramsey-4-1-1480x1536.jpg 1480w, https:\/\/www.artandtracks.com\/wp-content\/uploads\/2023\/09\/Ramsey-4-1-1973x2048.jpg 1973w, https:\/\/www.artandtracks.com\/wp-content\/uploads\/2023\/09\/Ramsey-4-1-800x831.jpg 800w\" sizes=\"(max-width: 289px) 100vw, 289px\" \/><\/a><\/figure>\n\n\n\n<h2 class=\"wp-block-heading\"><strong>Titre de l\u2019\u0153uvre :<\/strong><\/h2>\n\n\n\n<p>Geminmigan country, bull hole<\/p>\n\n\n\n<h2 class=\"wp-block-heading\"><strong>Artiste :<\/strong><\/h2>\n\n\n\n<p>Rammey Ramsey (c. 1935)<\/p>\n\n\n\n<h2 class=\"wp-block-heading\"><strong>Technique :<\/strong><\/h2>\n\n\n\n<p>Taille douce sur zinc sur papier blanc<\/p>\n\n\n\n<p>Sign\u00e9e au crayon en partie inf\u00e9rieure droite et num\u00e9rot\u00e9e 21\/50 au crayon en partie inf\u00e9rieure gauche. <\/p>\n\n\n\n<h2 class=\"wp-block-heading\"><strong>Dimension(s) :<\/strong><\/h2>\n\n\n\n<p>49 x 41 cm <em>image (coup de planche)<\/em><\/p>\n\n\n\n<h2 class=\"wp-block-heading\"><strong>Ann\u00e9e et lieu de cr\u00e9ation :<\/strong><\/h2>\n\n\n\n<p>2014 \/ Warmun<\/p>\n","protected":false},"excerpt":{"rendered":"<p>Titre de l\u2019\u0153uvre : Geminmigan country, bull hole Artiste : Rammey Ramsey (c. 1935) Technique : Taille douce sur zinc sur papier blanc Sign\u00e9e au crayon en partie inf\u00e9rieure droite et num\u00e9rot\u00e9e 21\/50 au crayon en partie inf\u00e9rieure gauche. Dimension(s) : 49 x 41 cm image (coup de planche) Ann\u00e9e et lieu de cr\u00e9ation : 2014 \/ Warmun<\/p>\n","protected":false},"author":1,"featured_media":0,"parent":0,"menu_order":0,"comment_status":"closed","ping_status":"closed","template":"","meta":[],"_links":{"self":[{"href":"https:\/\/www.artandtracks.com\/index.php\/wp-json\/wp\/v2\/pages\/1218"}],"collection":[{"href":"https:\/\/www.artandtracks.com\/index.php\/wp-json\/wp\/v2\/pages"}],"about":[{"href":"https:\/\/www.artandtracks.com\/index.php\/wp-json\/wp\/v2\/types\/page"}],"author":[{"embeddable":true,"href":"https:\/\/www.artandtracks.com\/index.php\/wp-json\/wp\/v2\/users\/1"}],"replies":[{"embeddable":true,"href":"https:\/\/www.artandtracks.com\/index.php\/wp-json\/wp\/v2\/comments?post=1218"}],"version-history":[{"count":1,"href":"https:\/\/www.artandtracks.com\/index.php\/wp-json\/wp\/v2\/pages\/1218\/revisions"}],"predecessor-version":[{"id":1219,"href":"https:\/\/www.artandtracks.com\/index.php\/wp-json\/wp\/v2\/pages\/1218\/revisions\/1219"}],"wp:attachment":[{"href":"https:\/\/www.artandtracks.com\/index.php\/wp-json\/wp\/v2\/media?parent=1218"}],"curies":[{"name":"wp","href":"https:\/\/api.w.org\/{rel}","templated":true}]}}