{"id":1014,"date":"2020-04-02T10:09:52","date_gmt":"2020-04-02T08:09:52","guid":{"rendered":"http:\/\/www.artandtracks.com\/?page_id=1014"},"modified":"2020-04-28T14:29:56","modified_gmt":"2020-04-28T12:29:56","slug":"selection-photographique","status":"publish","type":"page","link":"https:\/\/www.artandtracks.com\/index.php\/selection-photographique\/","title":{"rendered":"S\u00e9lection photographique"},"content":{"rendered":"<p><span style=\"color: #000000;\">Pour la beaut\u00e9 de l&#8217;espace&#8230;<\/span><\/p>\n<p><span style=\"color: #000000;\">Dans l&#8217;attente de pouvoir vous pr\u00e9senter sa nouvelle s\u00e9lection d\u2019\u0153uvres contemporaines aborig\u00e8nes, Art and Tracks vous invite \u00e0 prendre la route et \u00e0 partager ces instants magiques o\u00f9 l&#8217;espace devient paysage, la lumi\u00e8re sculpture et le d\u00e9sert lieu de vie.<\/span><\/p>\n<p><span style=\"color: #000000;\"><img decoding=\"async\" loading=\"lazy\" class=\"alignnone size-full wp-image-1029\" src=\"http:\/\/www.artandtracks.com\/wp-content\/uploads\/2020\/04\/Panorama-Balgo.jpg\" alt=\"\" width=\"13312\" height=\"3664\" srcset=\"https:\/\/www.artandtracks.com\/wp-content\/uploads\/2020\/04\/Panorama-Balgo.jpg 13312w, https:\/\/www.artandtracks.com\/wp-content\/uploads\/2020\/04\/Panorama-Balgo-300x83.jpg 300w, https:\/\/www.artandtracks.com\/wp-content\/uploads\/2020\/04\/Panorama-Balgo-768x211.jpg 768w, https:\/\/www.artandtracks.com\/wp-content\/uploads\/2020\/04\/Panorama-Balgo-1024x282.jpg 1024w, https:\/\/www.artandtracks.com\/wp-content\/uploads\/2020\/04\/Panorama-Balgo-600x165.jpg 600w, https:\/\/www.artandtracks.com\/wp-content\/uploads\/2020\/04\/Panorama-Balgo-800x220.jpg 800w\" sizes=\"(max-width: 13312px) 100vw, 13312px\" \/><\/span><\/p>\n<p><span style=\"color: #000000;\">Panorama depuis les falaises de Balgo, novembre 2019<\/span><\/p>\n<p>&nbsp;<\/p>\n<h2><span style=\"color: #000000;\"><strong>Souvenirs de piste<\/strong><\/span><\/h2>\n<p><span style=\"color: #000000;\">(placer la souris sur une diapositive pour mettre en pause)<\/span><\/p>\n<p><span style=\"color: #000000;\"><div id=\"metaslider-id-1037\" style=\"max-width: 800px; margin: 0 auto;\" class=\"ml-slider-3-37-0 metaslider metaslider-flex metaslider-1037 ml-slider ms-theme-default nav-hidden\" role=\"region\" aria-roledescription=\"Slideshow\" aria-label=\"Slideshow\">\n    <div id=\"metaslider_container_1037\">\n        <div id=\"metaslider_1037\">\n            <ul aria-live=\"polite\" class=\"slides\">\n                <li style=\"display: block; width: 100%;\" class=\"slide-1040 ms-image\" aria-roledescription=\"slide\" aria-label=\"slide-1040\"><img src=\"https:\/\/www.artandtracks.com\/wp-content\/uploads\/2020\/04\/Tanami-Track-Tree-800x0.jpg\" height=\"0\" width=\"800\" alt=\"\" class=\"slider-1037 slide-1040\" \/><div class=\"caption-wrap\"><div class=\"caption\">Road Train sur la Tanami Track, piste de 1000km entre Alice Springs et Halls Creek<\/div><\/div><\/li>\n                <li style=\"display: none; width: 100%;\" class=\"slide-1039 ms-image\" aria-roledescription=\"slide\" aria-label=\"slide-1039\"><img src=\"https:\/\/www.artandtracks.com\/wp-content\/uploads\/2020\/04\/Tanami-Track-800x0.jpg\" height=\"0\" width=\"800\" alt=\"\" class=\"slider-1037 slide-1039\" \/><div class=\"caption-wrap\"><div class=\"caption\">Orage sur la Tanami Track<\/div><\/div><\/li>\n                <li style=\"display: none; width: 100%;\" class=\"slide-1044 ms-image\" aria-roledescription=\"slide\" aria-label=\"slide-1044\"><img src=\"https:\/\/www.artandtracks.com\/wp-content\/uploads\/2020\/04\/Pink-Sign-Balgo-800x0.jpg\" height=\"0\" width=\"800\" alt=\"\" class=\"slider-1037 slide-1044\" \/><div class=\"caption-wrap\"><div class=\"caption\">Turn Off sur la Tanami Track, direction Balgo<\/div><\/div><\/li>\n                <li style=\"display: none; width: 100%;\" class=\"slide-1043 ms-image\" aria-roledescription=\"slide\" aria-label=\"slide-1043\"><img src=\"https:\/\/www.artandtracks.com\/wp-content\/uploads\/2020\/04\/Poussi\u00e8re-Balgo-800x0.jpg\" height=\"0\" width=\"800\" alt=\"\" class=\"slider-1037 slide-1043\" \/><div class=\"caption-wrap\"><div class=\"caption\">Jour de poussi\u00e8re \u00e0 l'entr\u00e9e de la communaut\u00e9 de Balgo<\/div><\/div><\/li>\n                <li style=\"display: none; width: 100%;\" class=\"slide-1038 ms-image\" aria-roledescription=\"slide\" aria-label=\"slide-1038\"><img src=\"https:\/\/www.artandtracks.com\/wp-content\/uploads\/2020\/04\/Voitures-Balgo-800x0.jpg\" height=\"0\" width=\"800\" alt=\"\" class=\"slider-1037 slide-1038\" \/><div class=\"caption-wrap\"><div class=\"caption\">Cimeti\u00e8re de voitures, Balgo<\/div><\/div><\/li>\n                <li style=\"display: none; width: 100%;\" class=\"slide-1046 ms-image\" aria-roledescription=\"slide\" aria-label=\"slide-1046\"><img src=\"https:\/\/www.artandtracks.com\/wp-content\/uploads\/2020\/04\/Hommage-\u00e0-Walker-800x0.jpg\" height=\"0\" width=\"800\" alt=\"\" class=\"slider-1037 slide-1046\" \/><div class=\"caption-wrap\"><div class=\"caption\">Marche en hommage \u00e0 Kumanjayi Walker, Balgo<\/div><\/div><\/li>\n                <li style=\"display: none; width: 100%;\" class=\"slide-1042 ms-image\" aria-roledescription=\"slide\" aria-label=\"slide-1042\"><img src=\"https:\/\/www.artandtracks.com\/wp-content\/uploads\/2020\/04\/Stuart-Highway-800x0.jpg\" height=\"0\" width=\"800\" alt=\"\" class=\"slider-1037 slide-1042\" \/><div class=\"caption-wrap\"><div class=\"caption\">Termiti\u00e8res v\u00eatues, quelque part sur la Stuart Highway<\/div><\/div><\/li>\n                <li style=\"display: none; width: 100%;\" class=\"slide-1041 ms-image\" aria-roledescription=\"slide\" aria-label=\"slide-1041\"><img src=\"https:\/\/www.artandtracks.com\/wp-content\/uploads\/2020\/04\/Sur-la-route-dErnabella-2019-800x0.jpg\" height=\"0\" width=\"800\" alt=\"\" class=\"slider-1037 slide-1041\" \/><div class=\"caption-wrap\"><div class=\"caption\">Sur la piste d'Ernabella<\/div><\/div><\/li>\n                <li style=\"display: none; width: 100%;\" class=\"slide-1047 ms-image\" aria-roledescription=\"slide\" aria-label=\"slide-1047\"><img src=\"https:\/\/www.artandtracks.com\/wp-content\/uploads\/2020\/04\/Ernabella-2019-800x0.jpg\" height=\"0\" width=\"800\" alt=\"\" class=\"slider-1037 slide-1047\" \/><div class=\"caption-wrap\"><div class=\"caption\">La communaut\u00e9 aborig\u00e8ne d'Ernabella, dans le APY Land<\/div><\/div><\/li>\n                <li style=\"display: none; width: 100%;\" class=\"slide-1045 ms-image\" aria-roledescription=\"slide\" aria-label=\"slide-1045\"><img src=\"https:\/\/www.artandtracks.com\/wp-content\/uploads\/2020\/04\/Larapinta-Trail-800x0.jpg\" height=\"0\" width=\"800\" alt=\"\" class=\"slider-1037 slide-1045\" \/><div class=\"caption-wrap\"><div class=\"caption\">Rivi\u00e8re ass\u00e9ch\u00e9e sur la Larapinta Trail<\/div><\/div><\/li>\n            <\/ul>\n        <\/div>\n        \n    <\/div>\n<\/div><\/span><\/p>\n<p><span style=\"color: #000000;\">Photos : Thomas Martin<\/span><\/p>\n<p><span style=\"color: #000000;\"><br \/>\n<\/span><\/p>\n","protected":false},"excerpt":{"rendered":"<p>Pour la beaut\u00e9 de l&#8217;espace&#8230; Dans l&#8217;attente de pouvoir vous pr\u00e9senter sa nouvelle s\u00e9lection d\u2019\u0153uvres contemporaines aborig\u00e8nes, Art and Tracks vous invite \u00e0 prendre la route et \u00e0 partager ces instants magiques o\u00f9 l&#8217;espace devient paysage, la lumi\u00e8re sculpture et le d\u00e9sert lieu de vie. Panorama depuis les falaises de Balgo, novembre 2019 &nbsp; Souvenirs de piste (placer la souris&hellip;<\/p>\n","protected":false},"author":1,"featured_media":0,"parent":0,"menu_order":0,"comment_status":"closed","ping_status":"closed","template":"","meta":[],"_links":{"self":[{"href":"https:\/\/www.artandtracks.com\/index.php\/wp-json\/wp\/v2\/pages\/1014"}],"collection":[{"href":"https:\/\/www.artandtracks.com\/index.php\/wp-json\/wp\/v2\/pages"}],"about":[{"href":"https:\/\/www.artandtracks.com\/index.php\/wp-json\/wp\/v2\/types\/page"}],"author":[{"embeddable":true,"href":"https:\/\/www.artandtracks.com\/index.php\/wp-json\/wp\/v2\/users\/1"}],"replies":[{"embeddable":true,"href":"https:\/\/www.artandtracks.com\/index.php\/wp-json\/wp\/v2\/comments?post=1014"}],"version-history":[{"count":3,"href":"https:\/\/www.artandtracks.com\/index.php\/wp-json\/wp\/v2\/pages\/1014\/revisions"}],"predecessor-version":[{"id":1112,"href":"https:\/\/www.artandtracks.com\/index.php\/wp-json\/wp\/v2\/pages\/1014\/revisions\/1112"}],"wp:attachment":[{"href":"https:\/\/www.artandtracks.com\/index.php\/wp-json\/wp\/v2\/media?parent=1014"}],"curies":[{"name":"wp","href":"https:\/\/api.w.org\/{rel}","templated":true}]}}